. Calculate k(b).
2
Let v = -24 - -19. Let f(g) = g**2 + g. Let r(t) = 2*t**3 + 5*t**2 + 4*t - 2. Let k(h) = v*f(h) + r(h). What is k(2)?
12
Let p(g) = 3*g**3 + g + 1. Let w = 14 - 34. Let k be ((-5)/w)/((-2)/8). Calculate p(k).
-3
Let l(t) = -3*t - t**2 - 6 + 0*t**2 - 9 + 14. Determine l(-5).
-11
Let k(u) = u - 3. Let s(t) = -t + 7. Let j(z) = -5*k(z) - 3*s(z). What is j(-4)?
2
Let h(y) = -y**3 + 1. Let f(v) = -3*v**3 - 4*v**2 - 6*v + 2. Let a(x) = -f(x) + 4*h(x). Suppose -c = -9 + 4. What is a(c)?
7
Let y(s) = 2*s**2 + s**3 + 2*s + 0*s**3 + 26 - 23. Determine y(-3).
-12
Let i(a) be the second derivative of a**4/24 + a**3/3 + 3*a**2/2 - 3*a. Let t(s) be the first derivative of i(s). Determine t(-4).
-2
Let d(k) = k**3 + k - 1. Let v be d(1). Let u(z) = 0*z - z - v + 0. Let b be (-95)/20 + (-6)/(-8). Calculate u(b).
3
Let x(l) = -27*l**3 - l**2 + 3*l - 6. Let o(i) = -27*i**3 - i**2 + 4*i - 7. Let u(m) = -5*o(m) + 6*x(m). What is u(-1)?
27
Let x(a) = -6*a + 3*a + 4*a + 2*a**2 - 1. Calculate x(2).
9
Let m(y) = -y**3 + 3*y**2 + 2*y + 4. Suppose 5*p + 0 - 15 = 0. Suppose p*s + v + 3 = 6*v, 2*s + 5*v = 23. Give m(s).
-4
Suppose -p - 2 + 5 = 0. Let g(h) = -p*h**2 - 2*h**2 - h + 0*h. Give g(-1).
-4
Let d(f) be the second derivative of f**4/12 - f**3/2 - f**2 + 3*f. Let g be ((-30)/4)/(4/(-16)). Suppose -2*z = -10, 2*t + 4*z - g = -0. Determine d(t).
8
Let p(f) = 4*f**3 + 4 - 7*f**2 - 3*f**3 + 11*f**2 + 4*f. Determine p(-3).
1
Let p(x) be the first derivative of x**4/4 - 5*x**3/3 - 3*x**2 + 3*x + 12. Calculate p(6).
3
Let o(i) be the second derivative of 0*i**4 + 2*i + 1/15*i**5 + 1/120*i**6 - 1/3*i**3 - 1/2*i**2 + 0. Let u(k) be the first derivative of o(k). Give u(-3).
7
Let f(g) = -4*g + 4*g**3 - 6*g**2 + 3 - 3*g**3 + 10*g. Calculate f(5).
8
Let a(c) = c**3 + c - 5. Let w = -50 - -30. Let o be (w/(-8) + -3)*0. What is a(o)?
-5
Let n = 5 + -1. Let j(h) = -h + 4. What is j(n)?
0
Let n = 1 - 1. Let t(o) = o + n + o - 1 + 2*o. What is t(2)?
7
Let q(c) be the third derivative of c**6/120 - c**5/12 - c**3 - c**2. Let r(l) = -4*l. Let n be r(-2). Let k = -3 + n. Determine q(k).
-6
Let r(t) be the first derivative of t**5/120 - 5*t**4/24 + 2*t**3/3 + 3. Let o(y) be the third derivative of r(y). Determine o(6).
1
Let l be 2/1*(-14)/4. Let p = l + 2. Let c(g) = -g - 2. Calculate c(p).
3
Suppose 4*l - 6*l = 0. Let a(t) be the second derivative of 3*t**2 + 1/2*t**3 + l - 2*t. Determine a(-4).
-6
Let s(l) = l**2 - l - 8. Suppose 5 + 3 = -4*v. Let q be (-2)/11 + v/(-11). Calculate s(q).
-8
Let d be (9/6 + 0)*-2. Let x(l) = -l**2 + 10*l - 7. Let r(t) = -t + 1. Let h(c) = d*r(c) - x(c). Determine h(5).
-6
Suppose 0*l = -5*l + 10. Let w(k) = 3*k - 3 + 0*k + 2. Calculate w(l).
5
Let d(b) = -4*b + 1. Let q be -10*(36/15)/6. What is d(q)?
17
Suppose -15*z = -16*z - 1. Suppose 2*o = 6*o - 36. Let u(q) = -1 - 2*q + 2 + o*q. Determine u(z).
-6
Let l(y) = -1 + y + 8*y - y**2 - y. What is l(7)?
6
Let m(v) = v**3 - 6*v**2 - 4*v - 6. Let h(r) = -r**2 - 1. Let z(y) = -4*h(y) + m(y). Let c(o) = o**3 + 6*o**2 - 7*o - 2. Let b be c(-7). What is z(b)?
-10
Suppose 0 = -5*p - 2*s + 2, p = -0*s - 4*s + 4. Let o(w) = 2*w - 1 - w + 0 + 3. Let h be o(p). Let c(v) = -v**2 + v - 1. Determine c(h).
-3
Suppose f + 3*k = 14, -18 = -3*f - k - 2*k. Let g(c) = 5*c - 2. Give g(f).
8
Let p(d) = -47*d**3 - 3*d**2 - 3*d + 23*d**3 + 22*d**3. Give p(-2).
10
Let c be 252/54*3/2. Let k(p) = -p**2 + 9*p + 5. Determine k(c).
19
Suppose q + 4 = -8. Let l = q - -12. Let c(y) = -y**2 + 8. Calculate c(l).
8
Let c(m) = m. Let u(v) = -v**3 - v**2 + 6*v + 3. Let a be u(-2). Give c(a).
-5
Let j(b) = b - 4. Let a(h) = -h + 2. Let c(i) = -11*a(i) - 6*j(i). What is c(2)?
12
Let a(p) = 3 + 2*p**3 - 2*p**3 - 5 - p**3 - 2*p + 4*p**2. Let h = -4 - -8. Give a(h).
-10
Suppose 0 = -31*d + 27*d + 16. Let k(t) = -2*t - 1 + 2 - 3*t**2 + 2*t**3 - t**3. Give k(d).
9
Let r(h) be the first derivative of -h**2/2 + 8*h + 2. Let d be r(5). Let q(u) = -3*u + 4. Determine q(d).
-5
Suppose 2*s = s + 8. Let w(n) = -n**2 - 13*n - 5. Let b be w(-12). Let m = b - s. Let x(t) = -2*t**3 + t**2 + 2*t + 1. Calculate x(m).
2
Let b(h) = h**2 + 2*h + h + 3 - 2. Let t(z) = -z**3 + 5*z**2 - 2*z - 5. Let s be t(4). Suppose -r = -5*o - 6, 0 = -o - r - 3 - s. What is b(o)?
-1
Suppose -2 = 4*s + 18. Let j(o) be the first derivative of 3*o**2/2 + 4*o - 2. Calculate j(s).
-11
Suppose 0 = -3*w - 9, -2*p + p = -5*w - 20. Let j(v) be the third derivative of 0*v - 9*v**2 - 1/24*v**4 + 0*v**3 + 0. Give j(p).
-5
Let u(y) = -y + 5. Let w(o) = -o**3 - 4*o**2 - 4*o - 1. Let k be w(-3). Suppose 0*i = -2*i + 2*m + 10, 0 = -k*m - 4. Suppose i*r - 4*r = 0. Give u(r).
5
Let d(a) = 1 + 4*a - 2*a + 0*a. Suppose -4*o + 2*j + 12 = 0, -2*j = 4*o - o + 5. Let w be 0 + o + (0 - -1). Determine d(w).
5
Let t(r) = -7 + 27*r - 24*r + 1 + 0. Determine t(6).
12
Let x(n) be the second derivative of n**3/6 + n**2 - 51*n. Determine x(-5).
-3
Let f = -13 + -2. Let t = f + 14. Let q(b) = 6*b + 1. Calculate q(t).
-5
Let s be (-6)/((-4)/6*3). Suppose -3*q = -6 + 3, -3*q = -s*n + 9. Let g(i) be the first derivative of -i**2 + 2. Calculate g(n).
-8
Let r(y) be the third derivative of -y**5/60 - 5*y**4/24 - 5*y**3/6 - 8*y**2. Give r(-4).
-1
Let a = 3 - 3. Let n(o) be the second derivative of -1/12*o**4 + 0 - 1/6*o**3 + o**2 - 5*o. Give n(a).
2
Let b(h) = -h + 9. Suppose 65 = 2*t + 4*c - c, -c + 5 = 0. Let d = -20 + t. Determine b(d).
4
Suppose a = -0 + 2. Let t(v) = v**2 + 5*v + 6. Let f(j) = 2*j**2 + 11*j + 13. Let s(x) = a*f(x) - 5*t(x). Calculate s(-4).
-8
Let g(a) = 6*a - 5. Let i(c) = c. Let o(x) = -g(x) + 4*i(x). Determine o(7).
-9
Let r = 11 + -5. Let q(v) = 0 - r - v + 0*v + 1. Calculate q(-5).
0
Let f(k) = -4 - k + 415*k**2 + 4 - 422*k**2. Let i = 2 - 3. Calculate f(i).
-6
Let x(d) = -3*d + 2*d**2 - d - 5 - d**2. Calculate x(5).
0
Suppose 4 = -i + 9. Let n(u) = 4 - 11 + 4*u - 2*u. What is n(i)?
3
Let z be 2/((-4)/(-1))*2. Suppose 3*w + 3*f + 15 = 0, w + 0*w + 5*f = -z. Let x = w + 6. Let t(p) = p**3 - p**2 - p + 2. Determine t(x).
2
Let a be (11/(-2)*-2)/(-1). Let x(b) = 16*b**2 - 31*b - 4. Let l(q) = 3*q**2 - 6*q - 1. Let f(r) = a*l(r) + 2*x(r). Let u be (-3)/(7/(35/(-3))). Determine f(u).
-2
Suppose 0 = 4*u - 62 - 42. Let z be u/(-10) + (-2)/5. Let i(x) = -x**2 - 2*x + 4. Give i(z).
1
Let j(b) = b**2 + b. Let n be j(2). Let m = n + -12. Let f(t) = -t**3 - 6*t**2 - t - 1. What is f(m)?
5
Let s(h) = -h**2 - 1. Suppose -u = 1 - 3. Let k(t) = -3 + u*t**3 - 2*t - 2*t**2 - 3*t**3 - t + 2*t**3. Let w(d) = -k(d) + 5*s(d). Give w(-4).
2
Suppose 3 = -y + 1. Let b be 25/(-5) + 2/y. Let s be ((-4)/b)/((-2)/(-15)). Let l(u) = u**3 - 6*u**2 + 6*u - 2. Give l(s).
3
Let q(z) = z**3 - 6*z**2 - 7*z - 4. Let u = -6 + 10. Suppose 3*y + 7 = u*y. Calculate q(y).
-4
Let p(y) = 3*y**2 - 2*y**2 - y**2 + 1 - y**2. Suppose -2*l + r + 9 = -1, 3*r - 3 = -5*l. Suppose b + l = -0. Determine p(b).
-8
Let w(p) = -p**3 + 3*p**2 + 3*p - 1. Suppose -35 = -5*y - 2*k - 2*k, 4*y - 3*k + 3 = 0. Let o be -8 + y/(-1 + -2). Let c = 13 + o. Calculate w(c).
-5
Let v be (((-2)/(-2))/(-1))/(-1). Let t(o) = -21*o**2 - 7*o + 7. Let n(d) = 7*d**2 + 2*d - 2. Let f(c) = -7*n(c) - 2*t(c). Calculate f(v).
-7
Suppose 0 = -5*s - 5*q + 25, -3*s = s - q. Suppose h + f + s = 3*f, -5*h = -f + 5. Let u(n) = 14*n**2. Calculate u(h).
14
Let y(a) = -8*a - a**2 + 0 + 1 + 16*a. Determine y(8).
1
Suppose 2*o - 17 = 3*o. Let t = -12 - o. Let w(r) = -2*r - t*r + r. What is w(-1)?
6
Let l(k) be the first derivative of -3*k**2/2 - 2*k + 9. What is l(-2)?
4
Let t(j) = 4*j + 1. Let f be (-8)/(-12) + 10/(-6). Give t(f).
-3
Let t(v) = -v. Let x(h) = -h. Let q(j) = 6*t(j) - 5*x(j). Let z be -1 + -6 - (-1 + -1). Determine q(z).
5
Let d = 398 + -401. Let r(x) be the first derivative of 0*x - 1/3*x**3 - x**2 + 1. Determine r(d).
-3
Let a(y) = y**3 - 3*y**2 + 2*y + 1. Let f be 2 + (14/21)/((-4)/(-6)). Calculate a(f).
7
Let h(i) be the third derivative of i**5/60 + i**4/6 - 2*i**3/3 - 5*i**2. Suppose 4*v - 4*a + 20 = 0, -2*v - 2*a = -6*a + 14. Give h(v).
-7
Let o(a) = -62*a**3 - 13 + 31*a**3 + 32*a**3. Calculate o(0).
-13
Let f(c) = 3*c**3 - c - 1. Let z be f(-1). Let w(j) = -2*j - 23. Let m(o) = o - 9 - 8 + 5 + 24. Let p(d) = z*w(d) - 5*m(d). Calculat